 o - 10. Let i be y(9). What is the units digit of i + 130 - (-3 - -5)?
7
Let g(r) = 2*r + 28*r**3 - 354 + 4*r - 3*r**2 + 351. What is the hundreds digit of g(2)?
2
Suppose -f - 1623 = -5*f - m, m - 3 = 0. What is the units digit of f?
5
Let b(k) = k**2 - 3*k + 4. Let n be b(3). Suppose -4*j = n*m - j + 7, 0 = -2*m - 2*j - 4. What is the units digit of (3/9)/(m/(-6))?
2
Suppose 3*v + 128 = -4*m, 4*m + 5*v + 111 = -17. Let i be (m/(-12))/(2/3). Suppose 3*n - 5*q + 4 = 0, -55 = -i*n - n - 4*q. What is the units digit of n?
7
Suppose -8 = h - 5*h. Suppose h*q + w - 8 = 0, -w + 20 = 4*q + q. Suppose q*o + 102 = 6*o. What is the tens digit of o?
5
Let a = 30 - 5. Let l(p) = p**3 - 7*p**2 + 7*p + 6. Let c be l(6). Let x = c + a. What is the tens digit of x?
3
Let i(h) = 0*h + h - 12 + 8 + 7. Let q be i(4). What is the units digit of 8 - q - (-1 - 28)?
0
Let c = -14 - -9. Let a = 8 + c. Suppose n + n - 33 = 3*g, n = a*g + 24. What is the units digit of n?
9
What is the hundreds digit of (2317 - (2 + -14)) + -2?
3
Let r(o) = 31*o**2 - 13*o - 23. What is the units digit of r(-5)?
7
What is the tens digit of -3*(-2 + 30/2)*-13?
0
Let z(f) be the first derivative of 1/2*f**2 - 1 + 2*f. What is the units digit of z(3)?
5
Suppose 2*g - 5636 = -2*g + 4*d, 4*d = -5*g + 7000. What is the thousands digit of g?
1
Suppose -55*o + 52*o + 24 = 0. Let n = o - 4. Suppose -n*p - 2*p = -318. What is the tens digit of p?
5
Let n = 13 + -12. Suppose -5*a + 129 = -n. Suppose k - a = -k. What is the tens digit of k?
1
Let s(l) = -l**3 + l**2 - 3*l + 5. Let h be s(2). Let m(y) = 10*y**2 + 13*y + 11. What is the tens digit of m(h)?
9
Let q(y) = 9*y - 2. Suppose -6 = -4*f + 14. What is the units digit of q(f)?
3
Let b = 1468 - 761. What is the tens digit of b?
0
Let j = 833 - 542. What is the hundreds digit of j?
2
Suppose 0 = -714*q + 715*q - 1026. What is the units digit of q?
6
Suppose -4*h + 252 = -52. Suppose -3*w + 74 = -h. What is the units digit of w?
0
Let q be ((-8)/20)/1*-5. Suppose -4*n = 5*v - 103, 3*n + 101 = q*v + 2*v. Suppose 5*t - 32 = v. What is the tens digit of t?
1
Let q be -2 + 4/((24/292)/(-3)). Let d = 249 + q. What is the hundreds digit of d?
1
Suppose 7550 - 917 = 3*m. What is the hundreds digit of m?
2
Suppose -5*v - 113 = 6*w - 2*w, 3*v + 55 = -2*w. Suppose 6*q - 180 = 3*q. Let i = w + q. What is the tens digit of i?
2
Suppose 15*a = 17*a - 8. What is the tens digit of 3*a/36*33?
1
Let y = -47 + -162. Let r = 443 + y. What is the tens digit of r?
3
Suppose 4*r + 46 = 4*p - 6*p, 5*r = 4*p - 25. Let s = -6 - r. Suppose s*g - 4*m - 130 = 0, 3*g = -0*m - 4*m + 146. What is the tens digit of g?
4
Suppose 0 = -o + 1, 5*x - 3*o = -2*o + 9. Suppose -5*p = -2*p + 15, 0 = -x*n - 5*p + 81. What is the units digit of n?
3
Let j(f) be the second derivative of 7*f**3/6 + 71*f**2/2 + 19*f. What is the units digit of j(0)?
1
Let c = -789 - -1349. What is the tens digit of c?
6
Suppose v + d - 308 = 0, 1540 = v + 4*v + d. Suppose -3*p = -7*p + v. What is the tens digit of p?
7
Let r(j) = 56*j**2 + 39*j + 311. What is the hundreds digit of r(-9)?
4
Let x(m) = -30 - 23 + 29*m - 8*m - 24. What is the units digit of x(19)?
2
Suppose 68 = 5*c - c. Suppose 310 = 5*q - 5*j, q - 3*j = 51 + c. Let s = q - 42. What is the tens digit of s?
1
Let v(r) = r**2 - 9*r + 7. Let h be v(8). Let k = h - 0. Let i = 10 - k. What is the units digit of i?
1
Suppose 8133 = 3*r + 3*t, 3*r + 76*t - 8123 = 71*t. What is the hundreds digit of r?
7
What is the units digit of (72/(-10))/((-453)/45 - -10)?
8
Let t(y) = -y + 17. Let r be t(3). Let j = r + 15. What is the units digit of j?
9
Let k = 3 - 7. Let a = 13 + k. Suppose -6*b + 135 + a = 0. What is the tens digit of b?
2
Let k = 13 - 22. Let h(f) = -f**3 - 9*f**2 - 9*f - 6. Let s be h(-8). Let n = s - k. What is the units digit of n?
1
Let p(i) = -108*i + 327. What is the tens digit of p(-7)?
8
Let g be (-4 - 2 - -10) + 0/2. Suppose 3*f + 4*k = 467, -g*f + 211 + 449 = -4*k. What is the units digit of f?
1
Suppose -320*a = -305*a - 62280. What is the tens digit of a?
5
What is the units digit of (-2)/((-1)/1050*2 + 0)?
0
Let v(n) = n - 15. Let j be v(15). Let s = 15 + -4. Suppose -3*o - q = -j*q - s, -o = 3*q - 9. What is the units digit of o?
3
Suppose -6273 + 1033 = -8*z. What is the tens digit of z?
5
Let l be (-3)/((-6)/8) + -4. Suppose 2*h = 5*h - 5*d - 7, -3*d + 12 = l. Suppose 235 = h*a - 4*a. What is the tens digit of a?
4
Suppose -245168 = -179*t + 135*t. What is the hundreds digit of t?
5
Suppose 115*g - 120*g = 5*h - 13360, 13357 = 5*g + 4*h. What is the thousands digit of g?
2
Let i = -636 + 1025. What is the units digit of i?
9
What is the thousands digit of (-27)/72 - 20182/(-16)?
1
Let i = 13 + -29. Let k = i - -20. What is the units digit of k?
4
Let h(j) = j**2 - 4*j + 4. Let q be h(4). Suppose 3*l - 3*a - 189 = 0, q*a - 2*a + 184 = 3*l. What is the units digit of l?
8
Let q(l) = l**3 + 5*l**2 - 8*l + 4. Let w be (4/10)/(1/(-15)). What is the units digit of q(w)?
6
Suppose 0 = -w - 0*w + 2. Let g be (2 + w)/(-2) + -3. What is the units digit of 72/(-14)*(g + -2)?
6
Suppose 8096 = 9*t + 2*t. What is the units digit of t?
6
Suppose 0 = -2*k - 6 + 48. Let q be (4/3)/((-10)/15). Let f = k - q. What is the units digit of f?
3
Suppose 4*c - 5*g - 27 = 0, -21 = 5*g - 6. Suppose c*u + 22 = 148. What is the units digit of u?
2
Let t(x) = x + 23 + 0 + 7. What is the tens digit of t(8)?
3
Let k(s) be the third derivative of -1/40*s**6 - 1/12*s**5 + 2*s**2 + 0*s + 1/6*s**3 - 1/6*s**4 + 0. What is the tens digit of k(-3)?
4
Suppose -3*g - 46 + 280 = 0. Let x = g + -54. What is the tens digit of x/(-30)*75/(-2)?
3
Let b(l) be the third derivative of 2/3*l**3 - 1/120*l**6 + 7/24*l**4 + 0*l + 0 - 1/20*l**5 - 6*l**2. What is the tens digit of b(-5)?
1
Suppose -5*w - 4*m = 688, 2*w + 3*m = 3*w + 149. Let d = w + 264. What is the hundreds digit of d?
1
Let d(k) = -k**2 - 10*k - 11. Suppose 0 = -3*v + 12, -3*n + 10 = 2*v - 1. Let a = n - 9. What is the units digit of d(a)?
5
Suppose -4*t + 6*f - 15 = f, -t = 2*f - 6. Let p = 4 + 1. Suppose t = w - 20 - p. What is the tens digit of w?
2
Let y(o) = -343*o - 78. What is the units digit of y(-3)?
1
Let b(t) = t**3 + 4*t**2 - 25*t + 5. What is the hundreds digit of b(9)?
8
Let w = 306 + 1206. What is the tens digit of w?
1
Let q = 3510 - 1388. What is the thousands digit of q?
2
Let y(w) be the third derivative of -w**5/60 + 11*w**4/24 + 2*w**3 + 2*w**2. What is the tens digit of y(10)?
2
Let g = 129 + -120. Let t(r) be the third derivative of r**5/30 - 13*r**4/24 - 2*r**3/3 + 2*r**2. What is the tens digit of t(g)?
4
Suppose 5*l + 5*g - 281 = 49, -l - 4*g + 78 = 0. Suppose -11*y = -9*y - l. Let b = -12 + y. What is the tens digit of b?
1
Let i(y) = -2*y**2 + y. Let k be i(-2). Suppose 0 = -18*b + 14*b - 56. Let o = k - b. What is the units digit of o?
4
What is the units digit of -1 + 3 + 3 + 229?
4
Suppose 0 = 24*r - 26*r + 448. Let l = r + -52. What is the hundreds digit of l?
1
Let s = 17 + -11. Let z be (2/(-3))/((-4)/s). Let y = 0 + z. What is the units digit of y?
1
Suppose -2*g = -g - 120. What is the hundreds digit of g?
1
Suppose 0 = 18*b - 3484 - 4598. What is the units digit of b?
9
Let x be (-4 + 5)/((-2)/(-3074)). Suppose 6*i + 337 - x = 0. What is the tens digit of i?
0
What is the tens digit of (30 + -2)/(2/(-168)*-3)?
8
Let p = 103 - 159. Let b = 14 - p. What is the tens digit of b?
7
Suppose 4*x = -5*k + 235, 5*k - 3*x - 98 = 172. What is the tens digit of k?
5
Suppose -4286 = -4*o - 2*x, -12*x + 16*x + 20 = 0. What is the thousands digit of o?
1
Suppose 0 = -6*f + 2*f + 1600. Let s = f - 265. What is the hundreds digit of s?
1
What is the tens digit of (949/(-2))/((-16)/32)?
4
Let o(q) = -q + 1. Let y be o(-2). Suppose -y*l - 1390 = -5*h, -5*l - 2*h - 2290 = -5*h. What is the units digit of ((-2)/(-5))/((-7)/l)?
6
Let q = 184 + -326. Let f be q/(-6) - 2/3. Suppose 0 = -5*z + 78 - f. What is the tens digit of z?
1
Let i(h) = -7*h - 26. Let r(x) = -48*x - 183. Let u(c) = 15*i(c) - 2*r(c). What is the units digit of u(-13)?
3
Suppose 0 = 2*y + 10*y - 516. What is the units digit of y?
3
What is the tens digit of 11/(-3) - -3 - (-7602)/9?
4
Let j(l) = -6*l**3 + 9*l**2 + 22*l + 